99
What is -61 - -18 - -25 - (4 - 81)?
59
What is 24 + -32 + 12 + -4 + (1 - -20)?
21
0 + -57 + -1 + 28575 + -28565
-48
Evaluate 7 - (-8 - (-5 + -1 - 0 - (-46 + 114))).
-59
What is the value of (-12 - -9 - (0 + 5) - -4) + 14 - -22?
32
What is 49 + 12 + -81 - -64?
44
Calculate (-6 - -2) + (4 - -1) + -25 + 34 + -28.
-18
Evaluate -38 + (8 - -94) + -105.
-41
-16 + 3 - (17 - (13 - (5 - 2))) - 10
-30
What is 0 - (29 - (-24 - (-16 - -7)) - (-6 + -1))?
-51
Calculate -4 + -12 + -4 + 27 - (12 + (2 - -66)).
-73
What is the value of -2 + 1 - -5 - (-90 - -302 - 184)?
-24
What is -14 - (-1 - -11 - (-48 + 46 + -75 + 2))?
-99
What is the value of 1 - 11 - (-42 + (-23 - -19))?
36
Calculate (-290 - -288) + (0 - 0 - 4) + -8 + -12.
-26
Evaluate -18 + 10 - -25 - (-24 + 58).
-17
(-74 - -128) + (9 - 7) + 12 + (7 - -1)
76
Calculate (-79 - 1 - (-35 - -29)) + 1 + 6 + 7.
-60
What is the value of 57 + (-36 - 18) + 33?
36
-3557 + 3622 + -19 + -1 + -1
44
27 + -19 - (-12 - -14 - (3 - 54))
-45
-3 - (-5 + 5) - -47 - (48 + -22 - 26)
44
What is -79 + -33 + 2 + 42 - 0?
-68
1 + 84 - (-126 - (-117 - -6))
100
Calculate (4 - 65) + (10 - (-25 + 27 + 4)).
-57
What is -30 - (-64 - -37 - (-16 - 30))?
-49
What is the value of (-79 - 7) + -35 + 27 + (3 - 2) + -5?
-98
Calculate -1388 - -1376 - (-49 + 2).
35
55 - (43 - 51 - -3)
60
What is the value of 40 - (-16 + 37 + -22 - -11)?
30
What is the value of (73 - 75 - (0 - -1)) + 57 + -46?
8
What is the value of 201 + -143 + (4 - 36) - 14?
12
(161 + -23 - 81) + -27
30
Calculate (-7 - (-4 - 8)) + 2 + 0 - -3.
10
What is the value of (-1 - -78) + (5473 - 5606)?
-56
45 + -22 + -120 - (-32 + 16)
-81
What is -30 - (-5 + -17 - -23) - -52?
21
What is the value of 2 - ((2 - 34) + 17 - -41)?
-24
What is 7 - ((-1 - 35) + 2 + 5)?
36
What is the value of 3 - ((-2 - -59 - 22) + 6)?
-38
What is 2 + -3 + 45 - (104 + -102)?
42
Calculate 18 + -3 + 4 + -250 + 172.
-59
Calculate -28 - (1 + -9 + 27 + (30 - 39)).
-38
What is the value of (72 - 152) + 119 + -30?
9
Calculate 5 - 2 - 8 - (71 - (7 - -8) - 6).
-55
Calculate -18 + (71 - (57 + -7)).
3
Evaluate 44 - (-98 - -106 - (-2 + -1 + 18)).
51
Evaluate -84 + (13 + -2 - ((-22 - -23) + -8 - -20)).
-86
Evaluate 10 + -17 + 6 + 24 + -1.
22
(-1 - (21 - 0)) + 314 + -192 + -113
-13
Calculate 4 + (-106 + 27 - -80) + (2 - 59).
-52
Evaluate (11 - (9 - (5 + 6 + -11))) + -42 + 8.
-32
38 - (-6 - -70 - -6)
-32
Calculate (-10 - 0) + (-100 - (1 - 93)).
-18
What is the value of -1 + 8 + 0 + (13 - 26) - -34?
28
Evaluate (23 - (-1 - -14)) + (-35 - 0) + 8.
-17
What is the value of -64 + 39 + (-164 - -270)?
81
(-1 - 8) + (-31 - -19) - (4 + -10 + 4)
-19
What is (-68 + 43 - -1) + (-1 - -8) + 3?
-14
Calculate (0 + 23 - (98 - 89)) + (3 - -2).
19
What is the value of (-74 - -40) + 59 - 5?
20
What is the value of -39 + (62 - (-5 + 45))?
-17
Evaluate -49 + (36 - -2 - 20) + -16.
-47
What is (32 - 22 - 48) + 18 + -5?
-25
Calculate 147 + 19 - 305 - -291.
152
-7 + (-12 - -8) + 1 - ((-30 - -25) + -115)
110
24 + (0 - -32 - 97)
-41
Evaluate (-19 + 3 - (-23 + 0)) + -34.
-27
What is the value of 50 - 3 - (-9 + 4 + 10 + -4 + -4)?
50
-38 + (36 + 82 - 53)
27
Evaluate (-30 + -13 - -28) + -24 - (5 + -4).
-40
Calculate -1 + 2 - (48 - (-39 + 74)) - -56.
44
What is the value of (24 - (1 + -3) - 3) + -14 - 17 - 6?
-14
What is -85 + 46 + 46 + -38?
-31
Evaluate (-29 + 20 - (-6 - -4)) + -21.
-28
Evaluate 4 - (-19 + 118) - -42.
-53
Calculate 55 + -12 - (469 - 415).
-11
What is -13 + -12 + -85 - 3 - (2 + 15 + -13)?
-117
What is 7 - (28 - 24) - (-21 + -2)?
26
6 + (24 + -41 - -46)
35
Calculate -243 + 228 - ((8 - 12) + 73).
-84
Calculate 99 + -6 + -13 - (-5 + (-9 - -18) + 6).
70
20 + (0 + 21 + -10 - -5)
36
Evaluate -1 + -1 - (5 + (10 - (5 - 30 - -21))).
-21
Evaluate -17 + 22 - -16 - (-103 - -33).
91
Evaluate -11 + (10 - (-12 - (2 + -11))) + -76 + 5.
-69
What is 17 + (-16 - ((8 - 24) + 41))?
-24
Evaluate (-41 - 28) + 3 + 27 + 3.
-36
(-10 - -3) + (2 + -3 - (-19 + (-22 - -87)))
-54
50 + (5 - 66) - 17
-28
What is the value of (-7 - (-21 - -11) - 6 - 29) + -4?
-36
What is (-1 - -19) + (-94 - (-89 - -31))?
-18
What is -18 - (-2 - (-10 - -9 - (9 - 1)))?
-25
What is the value of (-4 + 3 - -67) + 1 - (26 + -44)?
85
What is -9 - (-20 + -28 + 16 - -54)?
-31
Calculate (1 - (-5 + 1)) + 555 + -617 - 13.
-70
-4 - (-6 - (-137 + 91 - (-5 + 2))) - -5
-36
Evaluate 35 - (13 + (-38 + 13 - -12)).
35
Calculate 13 + (451 - 478 - (4 + 3 + -3)).
-18
What is 79 + 36 + -136 + 46?
25
Evaluate 9 + (-13 - -4) - (-8 + 26 + -5).
-13
-125 - (25 + -2 - 74)
-74
What is -10 + (0 - -1) + (0 - 0) + (-47463 - -47484)?
12
Calculate 48 - (4 + -2 + 0 + (-2 - 4) - 4).
56
What is 55 + -43 + (51 - 2 - -10)?
71
(-21 - 5) + 5 + 27
6
Calculate (-11 - -10 - (-4 - -14)) + (-3 - (-1 + -8)).
-5
What is 2 + -42 + 14 - -14 - (-6 + 0 + 0)?
-6
What is (23 - 1) + -55 + -16 + 6?
-43
Calculate (28 - (99 + -84)) + -77 + (-7 - (-5 - -3)).
-69
Calculate (-57 - -5) + 126 + -101.
-27
Evaluate 2 - (-50 + 13) - (-4 - 2 - (2 - -1)).
48
0 - (11 + -11 - -4) - ((2 - -12) + -4)
-14
-17 + (22 - (-22 + 7)) + 12
32
Calculate 18 - (-192 + 184 - (-2 - 21)).
3
What is the value of -75 + (35 - (1 + 13)) + -51 + 36?
-69
Calculate -33 + (46 - (-31 + 17)).
27
What is the value of 55 + 0 + (476 - 473)?
58
What is (-1 + -2 - -3) + -21 + (-31 - -81)?
29
-2 + 22 + -27 + (-50 - 104 - -38)
-123
-72 - (79 - 21) - -217
87
3 + ((-3 - -6 - -2) + -7 - -2) + -10
-7
Calculate (1 - 65) + (2 - -1) + (63 - 84 - -22).
-60
Evaluate (-33 - -66) + -33 - (13 - -113 - 3).
-123
Calculate -43 + 68 + -33 + 4 + -9 + 3 + -116.
-126
What is (1 - -7 - 0) + -44 + (-79 - -102)?
-13
What is the value of (-128 - -117) + 0 + -6?
-17
Evaluate 1 - ((16 - (-9 + 15)) + (-25 - -5)).
11
Evaluate (-7 - 64) + (102 - -21).
52
What is the value of 33 + (12 - 8) - (-47 - -22)?
62
Evaluate (5 - 1) + -2 + (4 - -3) + -10488 + 10484.
5
3 + 62 + (52 - 57) - (-4 + -1)
65
What is 5 + -5 + -3 + (7 - 38) + 111 - 11?
66
Evaluate (4 + -27 - -10) + 22 - 76.
-67
Evaluate -14 + 36 + (-1 + 0 - 55).
-34
Evaluate 10 + 0 + 2041 + -2051.
0
What is the value of -10 + (7 - 8) - (18 + -9 + 15)?
-35
What is -72 + 42 - (-2 + -46) - -8?
26
What is the value of -1 - ((-3 + 2 - 76) + 1364 + -1346)?
58
Calculate (-4 - 1) + 11 + -1 + 2 - (-25 + 38).
-6
Calculate 30 + (-26 - (42 + -47)) - -38.
47
What is the value of -36 + 18 - -20 - (-6 + 17 + -5)?
-4
-87 + (12 - 17) + (-5 - 1) - (-32 + 19)
-85
What is the value of -1 + 130 + (102 - (-219 - -317))?
133
What is the value of -9 + (3 - -8) + -14 + (-1 - -32)?
19
-3 + 2 + -58 - (5 - (50 + -25) - -12)
-51
What is 3999 + -3918 - (-71 - 3)?
155
What is -8 + (-36 - -101) + -24?
33
(117 - 64) + 41 - 60
34
What is the value of (-1 - 3) + -20 + (-14 - -22) + -18?
-34
What is 2 - (0 + -8 - (31 - 34))?
7
47 + 30 + (-52 - -2) + 2
29
What is (84 - (-36 + 218)) + 68?
-30
What is the value of -13 + 1 - ((28 - 240 - -57) + -2)?
145
What is 87 - (58 + (-3 - 15) + 5)?
42
Calculate -6 + -5 + 2 + (-124 - -65 - -72).
4
Calculate (5 - 0) + (-18 - (20 - (23 + -121)) - -8).
-123
Evaluate -33 - (759 - 753 - (64 + 1)).
26
What is -31 + (-16 - 44 - -54)?
-37
Calculate -14 + (96 + -173 - -7).
-84
Calculate (5 - (-6 - -7)) + 59 + -67.
-4
What is the value of 5464 - 5520 - (0 + -102)?
46
Evaluate (-6 - (-7 + 34)) + (241 - 231).
-23
Calculate 26 + 8 + 1 + 16 + -12 + 7 + -11.
35
Calculate -33 - -1 - (-17 - (5 + 7 + -32)).
-35
Calculate 15 - (-3 - (-12 + (20 - (-6 + 19)))).
13
What is (-37 - -1) + (-1 + -86 - -90)?
-33
What is the value of ((-11 - (1 - 24)) + -2 - 5) + 14 + -3?
16
Calculate -59 - ((38 - 25) + -11).
-61
23 + (3 - (-21 - -59)) + 0 + -1 - 7
-20
What is 114 - ((41 - 85) + 83)?
75
Evaluate (57 - (-14 - -45)) + -9 + 22.
39
What is the value of (-529 - -545) + 0 + -14 + -1 - (-20 + 0)?
21
Calculate (-8 - (-35 - (10 - 25))) + -1 + 11 - -9.
31
Evaluate (-4 - (-4 + 11)) + -66 - (-7 + -4 + -1).
-65
-6 + (42 - 7 - 5)
24
Calculate -101 + -38 + 27 + 2 + (7 - 2) + 0.
-105
Calculate -11 + (-43 - 11) + (57 - 35).
-43
Calculate 7 + (10 - 6) + -79.
-68
What is -78 - (-30 - (17 - 21) - 11)?
-41
What is (3 - 4 - -7) + 2 + -155 + 121?
-26
(26 + -27 - (-9 - 11)) + -1 + 9
27
-9 + -2 + (28 - (49 + -5 + -15)) - 46
-58
Evaluate 37 - (3 + 21) - -38.
51
Calculate (8 - (-23 + 5)) + -214 + 145.
-43
Evaluate (120 - (128